ber?
False
Is 5227359 prime?
False
Is 9126043 a prime number?
True
Is 10026311 prime?
False
Is 219647 a prime number?
True
Is 409168055 a prime number?
False
Is 160946177 a prime number?
False
Is 103238633 prime?
True
Is 1276565 a composite number?
True
Is 749147 a prime number?
False
Is 2289013 prime?
True
Is 40976582 a prime number?
False
Is 5374691 a composite number?
True
Is 22485799 a composite number?
True
Is 11502259 a prime number?
True
Is 41170901 prime?
True
Is 1170007 composite?
False
Is 1197193121 composite?
False
Is 813469 a prime number?
False
Is 16125598 a composite number?
True
Is 1102063 a composite number?
False
Is 29622547 composite?
False
Is 44322073 prime?
True
Is 2877519 composite?
True
Is 4448887 composite?
True
Is 11716589 composite?
True
Is 20279353 prime?
False
Is 7831897 prime?
True
Is 1818457 a composite number?
False
Is 4258691 composite?
True
Is 6008999 a prime number?
False
Is 28640971 prime?
False
Is 11664799 a prime number?
True
Is 2036707 composite?
True
Is 71679415 prime?
False
Is 1672860535 a prime number?
False
Is 355479239 a prime number?
False
Is 31725059 prime?
False
Is 89616949 composite?
False
Is 174098021 a prime number?
False
Is 286997951 composite?
True
Is 4889851 composite?
False
Is 105359 a prime number?
True
Is 141893 prime?
False
Is 2630557 prime?
True
Is 178337981 prime?
True
Is 769229 a prime number?
False
Is 261704161 composite?
True
Is 9719897 a prime number?
False
Is 5249809 composite?
True
Is 1342277 a composite number?
False
Is 6001351 a composite number?
False
Is 262579721 prime?
True
Is 12210731 a prime number?
False
Is 13926229 composite?
False
Is 501826693 a composite number?
False
Is 17636071 prime?
True
Is 43123117 a composite number?
True
Is 508763263 composite?
True
Is 3324939 a composite number?
True
Is 7626743 a composite number?
False
Is 685727 a composite number?
True
Is 3635231 a prime number?
False
Is 1768685 a composite number?
True
Is 44353147 a composite number?
True
Is 624857 a composite number?
True
Is 23159509 a prime number?
True
Is 463750759 a prime number?
True
Is 37031483 a composite number?
False
Is 187826699 prime?
False
Is 65243201 a composite number?
True
Is 44082827 prime?
True
Is 443159 prime?
True
Is 1338089 composite?
True
Is 13405957 a prime number?
True
Is 1153103 composite?
True
Is 646749229 prime?
False
Is 360111563 prime?
False
Is 1369637 composite?
True
Is 33251093 a prime number?
True
Is 2952829 a composite number?
True
Is 1164575249 a prime number?
False
Is 15527233 prime?
False
Is 628951 a composite number?
True
Is 72093769 prime?
False
Is 9597569 prime?
False
Is 7718819 a prime number?
False
Is 120784927 a prime number?
True
Is 8710649 composite?
False
Is 37210241 a prime number?
False
Is 1307497 a composite number?
False
Is 134090249 a composite number?
True
Is 402084107 a prime number?
False
Is 44831285 a composite number?
True
Is 14958761 composite?
False
Is 19359415 a prime number?
False
Is 158924239 composite?
True
Is 29369499 a prime number?
False
Is 11735641 prime?
True
Is 27794773 a composite number?
False
Is 122040571 composite?
False
Is 16473461 a composite number?
False
Is 14722909 composite?
False
Is 6321839 composite?
True
Is 30787513 a composite number?
True
Is 55285319 prime?
False
Is 48656381 prime?
False
Is 94956515 composite?
True
Is 3727387 a prime number?
True
Is 215041 composite?
True
Is 53126767 a composite number?
True
Is 10883 composite?
False
Is 450972623 composite?
False
Is 19442693 prime?
False
Is 582799177 composite?
False
Is 13224905 a composite number?
True
Is 1482163 composite?
False
Is 15078013 a prime number?
True
Is 4712509 composite?
True
Is 38280623 prime?
True
Is 102458647 prime?
False
Is 87694601 a prime number?
True
Is 170317347 a prime number?
False
Is 39170819 composite?
False
Is 1467493 composite?
False
Is 936373 a prime number?
False
Is 144301579 a composite number?
False
Is 20493767 a composite number?
True
Is 24640537 prime?
True
Is 62057143 a composite number?
False
Is 2729473 a composite number?
False
Is 134790505 a composite number?
True
Is 32683613 a prime number?
True
Is 5638717 a prime number?
False
Is 608653 a prime number?
True
Is 120518834 a composite number?
True
Is 896059 composite?
True
Is 34738283 a composite number?
False
Is 1683943 composite?
True
Is 925831 a composite number?
False
Is 2044331 composite?
False
Is 221281 a prime number?
True
Is 1445501 prime?
False
Is 38794499 composite?
False
Is 262434647 prime?
True
Is 52356419 a composite number?
True
Is 2541391 a composite number?
False
Is 2945107 a prime number?
False
Is 73581361 composite?
True
Is 2401051 prime?
False
Is 43851265 composite?
True
Is 427246 a composite number?
True
Is 47828953 prime?
True
Is 2509883 a prime number?
False
Is 19862499 a prime number?
False
Is 1652269 composite?
True
Is 1140463 prime?
True
Is 19459079 prime?
True
Is 1756291 prime?
False
Is 6073721 prime?
True
Is 22773589 composite?
False
Is 127698203 prime?
False
Is 514180199 composite?
True
Is 1553611 a composite number?
True
Is 272664103 a composite number?
True
Is 27962071 composite?
False
Is 571589 a prime number?
True
Is 3972413 composite?
False
Is 132135933 a prime number?
False
Is 524763853 prime?
True
Is 49495377 a prime number?
False
Is 8874947 a prime number?
False
Is 5872721 composite?
True
Is 212231 prime?
False
Is 178543655 a composite number?
True
Is 4357581 prime?
False
Is 68212487 a composite number?
True
Is 407803763 composite?
False
Is 2428689 composite?
True
Is 4999759 composite?
False
Is 206496695 composite?
True
Is 1868069 a prime number?
False
Is 28753869 prime?
False
Is 3518447 prime?
True
Is 8240077 prime?
True
Is 4477133 a prime number?
True
Is 35440582 composite?
True
Is 999911 a prime number?
False
Is 18090451 a composite number?
True
Is 63767189 composite?
False
Is 94424753 a prime number?
True
Is 348181 a prime number?
True
Is 66880301 a composite number?
False
Is 85839053 prime?
True
Is 20542603 prime?
True
Is 14565289 a prime number?
True
Is 1336721 a prime number?
False
Is 94803043 composite?
False
Is 96617381 prime?
False
Is 85851119 a composite number?
False
Is 1352610437 prime?
False
Is 565523 a composite number?
True
Is 239452501 prime?
True
Is 89247649 composite?
False
Is 1556237 a prime number?
False
Is 6161347 composite?
False
Is 6434647 prime?
True
Is 5786479 composite?
False
Is 69619001 a prime number?
True
Is 625543 composite?
False
Is 68140993 prime?
False
Is 490417 a composite number?
False
Is 790003 a composite number?
False
Is 175103809 prime?
True
Is 523333 prime?
True
Is 3679163 a composite number?
False
Is 16004167 a prime number?
True
Is 119021767 composite?
False
Is 2231309 composite?
False
Is 430447621 composite?
False
Is 111279139 prime?
True
Is 2056811 composite?
True
Is 10247273 composite?
False
Is 237960001 a prime number?
False
Is 2314681 a composite number?
True
Is 2784049 a composite number?
False
Is 1704551 a composite number?
False
Is 477806059 a prime number?
False
Is 48236353 prime?
False
Is 16070141 composite?
False
Is 2896342 a composite number?
True
Is 11921402 a prime number?
False
Is 60863089 a prime number?
False
Is 51508471 a composite number?
True
Is 17084537 a composite number?
True
Is 2194837 a composite number?
True
Is 9513563 composite?
False
Is 1268821 composite?
True
Is 1552627 a prime number?
False
Is 41201651 a prime number?
True
Is 113698547 prime?
True
Is 39552101 a prime number?
False
Is 58253263 composite?
False
Is 4467737 a composite number?
True
Is 6499279 prime?
False
Is 12260971 a composite number?
False
Is 80591989 prime?
True
Is 3667883 composite?
True
Is 415290383 composite?
True
Is 5199301 a prime number?
True
Is 8533783 a prime number?
True
Is 169581979 prime?
False
Is 9785999 a prime number?
False
Is 1126613 a prime number?
False
Is 22917137 a composite number?
True
Is 807559 a composite number?
False
Is 1696753 a prime number?
False
Is 109814 prime?
False
Is 2815669 composite?
False
Is 486937387 prime?
True
Is 4961381 prime?
False
Is 231645131 composite?
True
Is 346953677 composite?
True
Is 67184921 composite?
False
Is 87754373 a composite number?
True
Is 195139471 composite?
False
Is 33813161 composite?
False
Is 110074061 prime?
True
Is 1242317 prime?
True
